Suppose -5*t = -2*x + 283, x + 44*t - 110 = 42*t. What is the greatest common factor of 1426 and x?
62
Suppose 8*s + 2 = -2*d + 12*s, -5*d + 19 = 2*s. Let t be (2560/30*d)/(0 + 1). Calculate the greatest common divisor of 8 and t.
8
Let i(b) = 17*b + 34. Let o(a) = a**2 + 18*a + 35. Let m(v) = -5*i(v) + 4*o(v). Let x be m(-6). What is the greatest common factor of x and 24?
24
Let p be ((-11)/((-605)/33))/(2/90). Let y be (-537)/(-15) - 1/(-5). Calculate the highest common divisor of p and y.
9
Let s(t) = t**3 + 16*t**2 - 18*t - 225. Let z be s(-16). Let u be (-4)/(-2*(-2)/62). Let o = 104 + u. What is the highest common divisor of o and z?
21
Let t be ((-16)/28)/((-52)/4186). Calculate the highest common divisor of 30 and t.
2
Let n = 2264 + -2256. Calculate the greatest common divisor of n and 10568.
8
Suppose -x - 17 = -1111. Let s = x - 506. Suppose 11*g - 5*g = s. Calculate the highest common factor of 14 and g.
14
Let a = 19818 - 19434. Calculate the greatest common divisor of a and 1968.
48
Suppose -4*b - 15 = 29. Let i = 165 + -192. Let o = b - i. What is the greatest common divisor of 2 and o?
2
Let l(d) be the first derivative of 21*d**2 - 102*d + 287. Let j be l(3). Let u = 10 - 4. What is the greatest common divisor of j and u?
6
Let m(q) be the first derivative of 5*q**4/4 + q**3 + 2*q**2 - 5*q + 40. Let f be m(1). What is the greatest common divisor of 252 and f?
7
Let t be -3 - -21*(-3 - 10/(-3)). Let g be t - 10 - 96*-1. What is the highest common divisor of g and 18?
18
Let z = 89 - -37. Let v be 3/9 - (6 + (-2884)/42). What is the greatest common factor of v and z?
63
Suppose 2*t = r - 28, 4*t - 107 - 65 = -4*r. Suppose -30*i + 29*i + r = 0. What is the greatest common factor of 114 and i?
38
Let q be -26*261/(-116)*(1 - -1). What is the highest common factor of 221 and q?
13
Let l(q) = q**3 + 3*q**2 - 19*q + 8. Let n be l(3). Suppose 3*x = -h + 4, -n*x + 8 = -h + 44. What is the greatest common factor of h and 144?
16
Let h be (4 + -3 + 0)*5. Let q be h*5/(-25)*-4. What is the greatest common divisor of 106 and q?
2
Let k be 10*(-3)/6 - (-7623 - 60). Calculate the greatest common divisor of 22 and k.
22
Let o(h) = -5*h**2 - 27*h + 41. Let a(m) = 4*m**2 + 26*m - 42. Let f(c) = -6*a(c) - 5*o(c). Let w be f(20). Calculate the greatest common factor of w and 243.
27
Let v(p) = -28*p + 8. Let w be v(-1). Suppose -1515 = -5*j - r, 5*j = 5*r + w + 1509. Let f = j - 150. Calculate the highest common factor of f and 22.
22
Suppose 298*s = r + 299*s - 20, 0 = r + 4*s - 23. Let y(o) = 108*o - 1. Let x be y(3). What is the greatest common divisor of x and r?
19
Suppose -16*d + 327 = -985. Let u be (-2)/6 - (-14)/6. Suppose -u*f = -d + 66. What is the greatest common divisor of 8 and f?
8
Let k be (-116)/87*(-3)/1. Let m be (7 - k - 5)*(-774)/4. Suppose -6*h + 3 = -m. Calculate the highest common factor of h and 13.
13
Let d(j) = 37*j**3 - 3*j + 2. Let g be d(1). Calculate the highest common divisor of g and 24.
12
Let j be ((-37)/74)/((-9)/7668 - (1 - 1)). Calculate the highest common factor of 99 and j.
3
Let v = 30543 + -30237. What is the highest common divisor of v and 6154?
34
Suppose -1619*o = -1640*o + 1680. What is the greatest common factor of 368 and o?
16
Suppose -4168 = 6*q - 22*q + 3928. Calculate the greatest common factor of q and 184.
46
Let y(k) = 43*k + 1454. Let r be y(8). Calculate the greatest common divisor of r and 58.
58
Suppose 4*h - 176 = 2*d, 5*h - 55 - 225 = -5*d. Let a(m) = m**3 - 3*m**2 + 4*m + 4. Let f be a(4). What is the highest common divisor of h and f?
12
Let u = -1127 + 1289. Calculate the greatest common factor of u and 1728.
54
Let h(j) = -j - 1. Let z = 15 - 16. Let y be h(z). Suppose y = -19*t + 23*t - 68. What is the highest common divisor of 187 and t?
17
Suppose 44*d = 15348 - 14996. Calculate the greatest common factor of d and 5636.
4
Let l = 63 - 61. Let k(g) = -7*g**2 - 7*g + 3. Let j be k(l). Let q = 6 - j. What is the greatest common divisor of 5 and q?
5
Let h(f) = f**3 - 23*f**2 - 93*f - 280. Let m be h(28). Calculate the highest common divisor of 333 and m.
37
Let x be (240/(-4))/((-50)/125). Calculate the greatest common factor of 75 and x.
75
Suppose -3*d + 14*q = 13*q - 682, 454 = 2*d - q. Calculate the greatest common divisor of 20 and d.
4
Let v be 43 + -49 + 13 + 3/3. What is the greatest common factor of v and 1668?
4
Let n(p) = 53*p + 5. Let h(y) = -106*y - 12. Let b(z) = 6*h(z) + 15*n(z). Let g be b(3). What is the greatest common factor of 60 and g?
60
Suppose 0 = 17*v - 5880 - 444. Let d = v - 127. What is the greatest common divisor of d and 98?
49
Let a = 6845 - 6581. Calculate the greatest common factor of a and 693.
33
Let v = 654329 + -653777. Let r = 158 + -89. Calculate the greatest common divisor of r and v.
69
Let s(c) = 11 - 247*c**3 + 49 - 20*c - 22*c**2 + 246*c**3. Let a be s(-21). What is the greatest common divisor of 104 and a?
13
Let x be (1574316/(-270))/((-6)/20). Calculate the greatest common factor of x and 172.
172
Let f be 2/9 + 50/18. Suppose 3*k - 3*z = -3, 4*k - 4*z = f*k - 10. Suppose 5*q + 8 = 2*s, k*s - 5*s = 4*q - 35. What is the greatest common factor of s and 3?
3
Suppose 631 = 17*f - 865. What is the greatest common divisor of 6270 and f?
22
Let q = -18223 - -18337. Calculate the greatest common divisor of 627 and q.
57
Suppose -5*a + 373 - 48 = 0. Suppose 9*f - 1066 = -72*f - f. What is the greatest common factor of f and a?
13
Let a(l) = -l**2 - 195*l + 1298. Let c be a(0). Calculate the highest common factor of c and 177.
59
Suppose 2*d - b - 1499 + 103 = 0, -5*d - 4*b = -3516. What is the highest common factor of 160 and d?
20
Let l = -400 - -409. Let w(c) = c**3 - 7*c**2 - 10*c - 37. Let i be w(l). Calculate the greatest common divisor of i and 21.
7
Suppose 175*d = 45662 + 659763. Calculate the highest common factor of 29 and d.
29
Let a(f) = -13*f**3 + f**2 - 14*f - 15. Let z be a(-1). What is the highest common factor of 41119 and z?
13
Let u = 579 + -571. Let g be ((-567)/(-420) - 6/u)*90. Calculate the greatest common factor of g and 144.
18
Suppose 0 = -7*x + 2126 - 33. Let d = -29 + x. What is the highest common factor of 108 and d?
54
Let g(n) = 8*n**2 + 2*n - 10. Let c be g(5). Suppose 1547 - 397 = 46*r. What is the greatest common factor of c and r?
25
Let r = 1117 - 1105. Suppose 2*x + 67 + 19 = 0. Let h = x - -79. What is the greatest common divisor of h and r?
12
Let s(a) = -2*a**3 - 5*a**2 + 6*a - 12. Let h be s(-8). Suppose 0*o = 7*o - h. Suppose -2*f = -0*f - o. What is the highest common factor of 46 and f?
46
Suppose 10*h - 5*h - 256 = v, 2*h = -3*v + 82. Calculate the greatest common divisor of 8 and h.
2
Suppose -8*r - 3*r = 2*j - 161, 3*r - 265 = -4*j. What is the highest common factor of j and 2384?
16
Let s be (-2)/10 - 7614/(-45). Let n(r) = r**3 - 4*r**2 - r - 7. Let g be n(5). Calculate the greatest common divisor of g and s.
13
Let f be (88/6)/(30/9 - 3). Let x = f + -42. Suppose 4*s + 12 = 0, -5*s = -v + x*v + 3. Calculate the highest common divisor of v and 30.
6
Let y be -12*789/(-10) - (-12)/10. Calculate the highest common divisor of 24 and y.
12
Let b(g) = g**3 - 83*g**2 + 83*g - 79. Let q be b(82). Let z be (-1)/(1/(-13)) + -3. Let t = z + -9. Calculate the greatest common factor of t and q.
1
Let b(o) = -o**3 + 4*o**2 + o + 213. Let i be b(7). Calculate the highest common factor of 13 and i.
1
Suppose -8*i = -91 - 285. Suppose -1968 = -55*n + i*n. Calculate the highest common factor of 164 and n.
82
Suppose 55*m - 43 = 67. Let s(g) = -g - 3. Let y be s(-4). Let z be y/((-1)/(-1))*1. Calculate the greatest common factor of z and m.
1
Let t = -6446 - -6670. Calculate the highest common factor of t and 472.
8
Suppose 9*k - 128 = -38. Let q be 536/k + 34/85. What is the greatest common divisor of 6 and q?
6
Suppose 2*d - 130 = 4*q, -4*d + 281 = d + q. Let w(l) = l**2 - 3*l - 16. Let z = -32 - -41. Let n be w(z). What is the greatest common divisor of d and n?
19
Let o = 223 + -100. Let j(z) = z**2 - 8*z - 38. Let x be j(16). Let q = o - x. What is the highest common divisor of q and 132?
33
Let v be (2 - (-2 - 0))*2. Suppose 3*f - v = 4. Let r be 4 - 36/(f - 5). Calculate the greatest common divisor of